{"id":246,"date":"2020-10-05T15:48:51","date_gmt":"2020-10-05T13:48:51","guid":{"rendered":"http:\/\/knx.fr\/College_Integrateurs\/?page_id=246"},"modified":"2020-10-05T15:55:29","modified_gmt":"2020-10-05T13:55:29","slug":"mentions-legales","status":"publish","type":"page","link":"http:\/\/www.knx.fr\/College_Integrateurs\/mentions-legales\/","title":{"rendered":"Mentions L\u00e9gales"},"content":{"rendered":"\t\t<div data-elementor-type=\"wp-page\" data-elementor-id=\"246\" class=\"elementor elementor-246\">\n\t\t\t\t\t\t<section class=\"elementor-section elementor-top-section elementor-element elementor-element-1d2f88d elementor-section-boxed elementor-section-height-default elementor-section-height-default\" data-id=\"1d2f88d\" data-element_type=\"section\" data-e-type=\"section\">\n\t\t\t\t\t\t<div class=\"elementor-container elementor-column-gap-default\">\n\t\t\t\t\t<div class=\"elementor-column elementor-col-100 elementor-top-column elementor-element elementor-element-5c4838f\" data-id=\"5c4838f\" data-element_type=\"column\" data-e-type=\"column\">\n\t\t\t<div class=\"elementor-widget-wrap elementor-element-populated\">\n\t\t\t\t\t\t<div class=\"elementor-element elementor-element-04163f5 elementor-invisible elementor-widget elementor-widget-heading\" data-id=\"04163f5\" data-element_type=\"widget\" data-e-type=\"widget\" data-settings=\"{&quot;_animation&quot;:&quot;fadeInLeft&quot;}\" data-widget_type=\"heading.default\">\n\t\t\t\t<div class=\"elementor-widget-container\">\n\t\t\t\t\t<h2 class=\"elementor-heading-title elementor-size-default\">Clause de limitation de responsabilit\u00e9<\/h2>\t\t\t\t<\/div>\n\t\t\t\t<\/div>\n\t\t\t\t<div class=\"elementor-element elementor-element-47f72b3 elementor-invisible elementor-widget elementor-widget-text-editor\" data-id=\"47f72b3\" data-element_type=\"widget\" data-e-type=\"widget\" data-settings=\"{&quot;_animation&quot;:&quot;fadeInRight&quot;}\" data-widget_type=\"text-editor.default\">\n\t\t\t\t<div class=\"elementor-widget-container\">\n\t\t\t\t\t\t\t\t\t<p>L&rsquo;objectif de KNX France est de diffuser des informations exactes et tenues \u00e0 jour. KNX France s&rsquo;efforcera de corriger dans les meilleurs d\u00e9lais les \u00e9ventuelles erreurs ou informations erron\u00e9es qui lui seraient signal\u00e9es. Toutefois, KNX France ne peut \u00eatre tenue responsable du contenu du pr\u00e9sent site.<\/p><p>Les informations contenues dans ce site :<\/p><ul class=\"liste\"><li>sont exclusivement de nature g\u00e9n\u00e9rale ; elles ne visent pas la situation particuli\u00e8re d&rsquo;une personne physique ou morale,<\/li><li>ne sont pas n\u00e9cessairement compl\u00e8tes, exhaustives ou mises \u00e0 jour en temps r\u00e9el ;<\/li><li>peuvent renvoyer \u00e0 des sites ext\u00e9rieurs sur lesquels KNX France n&rsquo;a aucun contr\u00f4le et d\u00e9cline toute responsabilit\u00e9 ;<\/li><li>ne constituent pas des avis ou conseils \u00e0 caract\u00e8re professionnel ou juridique, pour lesquels il est n\u00e9cessaire de consulter un professionnel qualifi\u00e9.<\/li><\/ul><p>En cas de diffusion sur le site du KNX France de textes ou documents normatifs, seules les publications officielles font foi.<\/p>\t\t\t\t\t\t\t\t<\/div>\n\t\t\t\t<\/div>\n\t\t\t\t<div class=\"elementor-element elementor-element-8b7dd2d elementor-invisible elementor-widget elementor-widget-heading\" data-id=\"8b7dd2d\" data-element_type=\"widget\" data-e-type=\"widget\" data-settings=\"{&quot;_animation&quot;:&quot;fadeInLeft&quot;}\" data-widget_type=\"heading.default\">\n\t\t\t\t<div class=\"elementor-widget-container\">\n\t\t\t\t\t<h2 class=\"elementor-heading-title elementor-size-default\">Propri\u00e9t\u00e9 intellectuelle<\/h2>\t\t\t\t<\/div>\n\t\t\t\t<\/div>\n\t\t\t\t<div class=\"elementor-element elementor-element-62cd963 elementor-invisible elementor-widget elementor-widget-text-editor\" data-id=\"62cd963\" data-element_type=\"widget\" data-e-type=\"widget\" data-settings=\"{&quot;_animation&quot;:&quot;fadeInRight&quot;}\" data-widget_type=\"text-editor.default\">\n\t\t\t\t<div class=\"elementor-widget-container\">\n\t\t\t\t\t\t\t\t\t<p>Les documents, informations, \u00e9l\u00e9ments graphiques&#8230; de toute nature figurant sur le site KNX France ne peuvent faire l&rsquo;objet de copie sauf \u00e0 des fins strictement priv\u00e9es. De la m\u00eame mani\u00e8re, ils ne peuvent en aucun cas \u00eatre reproduits ni modifi\u00e9s, que ce soit \u00e0 titre on\u00e9reux ou gracieux, sans autorisation expresse \u00e9crite de KNX France. Toutes les marques cit\u00e9es dans ce site appartiennent \u00e0 leurs compagnies respectives. Tous les produits, logos, et images cit\u00e9s dans les pages de ce site sont la propri\u00e9t\u00e9 de leur marque respective. Les photographies reproduisant les produits ne sont pas contractuelles. KNX France n&rsquo;est pas en mesure de garantir l&rsquo;absence d&rsquo;interruption de son site pouvant r\u00e9sulter soit d&rsquo;une utilisation de son site soit de tout autre site ext\u00e9rieur auquel il renvoie.<\/p>\t\t\t\t\t\t\t\t<\/div>\n\t\t\t\t<\/div>\n\t\t\t\t<div class=\"elementor-element elementor-element-469f64f elementor-invisible elementor-widget elementor-widget-heading\" data-id=\"469f64f\" data-element_type=\"widget\" data-e-type=\"widget\" data-settings=\"{&quot;_animation&quot;:&quot;fadeInLeft&quot;}\" data-widget_type=\"heading.default\">\n\t\t\t\t<div class=\"elementor-widget-container\">\n\t\t\t\t\t<h2 class=\"elementor-heading-title elementor-size-default\">Utilisation du logo KNX<\/h2>\t\t\t\t<\/div>\n\t\t\t\t<\/div>\n\t\t\t\t<div class=\"elementor-element elementor-element-c67d674 elementor-invisible elementor-widget elementor-widget-text-editor\" data-id=\"c67d674\" data-element_type=\"widget\" data-e-type=\"widget\" data-settings=\"{&quot;_animation&quot;:&quot;fadeInRight&quot;}\" data-widget_type=\"text-editor.default\">\n\t\t\t\t<div class=\"elementor-widget-container\">\n\t\t\t\t\t\t\t\t\t<p>L&rsquo;utilisation du logo KNX est limit\u00e9e aux membres et aux repr\u00e9sentants de l&rsquo;association KNX uniquement. Les Partenaires KNX certifi\u00e9s (ayant r\u00e9ussit un cours de base KNX certifi\u00e9) sont autoris\u00e9s \u00e0 utiliser le logo KNX Partner pour leurs propres utilisations. Les centres de formation certifi\u00e9s KNX ont le droit d&rsquo;utiliser le logo du centre de formation KNX. Les partenaires scientifiques KNX ont le droit d&rsquo;utiliser le logo scientifique KNX. Dans tous les cas \u00e9num\u00e9r\u00e9s ci-dessus, le logo KNX peut \u00eatre trouv\u00e9 directement dans votre compte MyKNX.<\/p>\t\t\t\t\t\t\t\t<\/div>\n\t\t\t\t<\/div>\n\t\t\t\t<div class=\"elementor-element elementor-element-ded4fb6 elementor-invisible elementor-widget elementor-widget-heading\" data-id=\"ded4fb6\" data-element_type=\"widget\" data-e-type=\"widget\" data-settings=\"{&quot;_animation&quot;:&quot;fadeInLeft&quot;}\" data-widget_type=\"heading.default\">\n\t\t\t\t<div class=\"elementor-widget-container\">\n\t\t\t\t\t<h2 class=\"elementor-heading-title elementor-size-default\">Conception, Design et D\u00e9veloppement du site :<\/h2>\t\t\t\t<\/div>\n\t\t\t\t<\/div>\n\t\t\t\t<div class=\"elementor-element elementor-element-577b40b elementor-invisible elementor-widget elementor-widget-text-editor\" data-id=\"577b40b\" data-element_type=\"widget\" data-e-type=\"widget\" data-settings=\"{&quot;_animation&quot;:&quot;fadeInRight&quot;}\" data-widget_type=\"text-editor.default\">\n\t\t\t\t<div class=\"elementor-widget-container\">\n\t\t\t\t\t\t\t\t\t<p><img decoding=\"async\" src=\"http:\/\/www.knx.fr\/images\/logo\/infocom.jpg\" alt=\"logo_infocom\" \/><br \/>213 av. Franklin Roosevelt<br \/>69500 Bron &#8211; France<br \/>T\u00e9l. : +33 (0)4 72 33 65 98<br \/><a class=\"lien-bleu-souligne\" title=\"Infocom Industrie\" href=\"http:\/\/www.infocom-industrie.fr\/\" target=\"_blank\" rel=\"noopener\">www.infocom-industrie.fr<\/a><\/p>\t\t\t\t\t\t\t\t<\/div>\n\t\t\t\t<\/div>\n\t\t\t\t\t<\/div>\n\t\t<\/div>\n\t\t\t\t\t<\/div>\n\t\t<\/section>\n\t\t\t\t<\/div>\n\t\t","protected":false},"excerpt":{"rendered":"<p>Clause de limitation de responsabilit\u00e9 L&rsquo;objectif de KNX France est de diffuser des informations exactes et tenues \u00e0 jour. KNX France s&rsquo;efforcera de corriger dans les meilleurs d\u00e9lais les \u00e9ventuelles erreurs ou informations erron\u00e9es qui lui seraient signal\u00e9es. Toutefois, KNX France ne peut \u00eatre tenue responsable du contenu du pr\u00e9sent site. Les informations contenues dans <a class=\"more-link\" href=\"http:\/\/www.knx.fr\/College_Integrateurs\/mentions-legales\/\">Lire plus &#8230;<\/a><\/p>\n","protected":false},"author":1,"featured_media":0,"parent":0,"menu_order":0,"comment_status":"closed","ping_status":"closed","template":"","meta":{"footnotes":""},"class_list":["post-246","page","type-page","status-publish","hentry"],"_links":{"self":[{"href":"http:\/\/www.knx.fr\/College_Integrateurs\/wp-json\/wp\/v2\/pages\/246","targetHints":{"allow":["GET"]}}],"collection":[{"href":"http:\/\/www.knx.fr\/College_Integrateurs\/wp-json\/wp\/v2\/pages"}],"about":[{"href":"http:\/\/www.knx.fr\/College_Integrateurs\/wp-json\/wp\/v2\/types\/page"}],"author":[{"embeddable":true,"href":"http:\/\/www.knx.fr\/College_Integrateurs\/wp-json\/wp\/v2\/users\/1"}],"replies":[{"embeddable":true,"href":"http:\/\/www.knx.fr\/College_Integrateurs\/wp-json\/wp\/v2\/comments?post=246"}],"version-history":[{"count":2,"href":"http:\/\/www.knx.fr\/College_Integrateurs\/wp-json\/wp\/v2\/pages\/246\/revisions"}],"predecessor-version":[{"id":249,"href":"http:\/\/www.knx.fr\/College_Integrateurs\/wp-json\/wp\/v2\/pages\/246\/revisions\/249"}],"wp:attachment":[{"href":"http:\/\/www.knx.fr\/College_Integrateurs\/wp-json\/wp\/v2\/media?parent=246"}],"curies":[{"name":"wp","href":"https:\/\/api.w.org\/{rel}","templated":true}]}}