{"id":267,"date":"2020-10-13T11:31:52","date_gmt":"2020-10-13T09:31:52","guid":{"rendered":"http:\/\/knx.fr\/College_Integrateurs\/?page_id=267"},"modified":"2020-10-13T11:35:29","modified_gmt":"2020-10-13T09:35:29","slug":"actualites","status":"publish","type":"page","link":"http:\/\/www.knx.fr\/College_Integrateurs\/actualites\/","title":{"rendered":"Actualit\u00e9s"},"content":{"rendered":"\t\t<div data-elementor-type=\"wp-page\" data-elementor-id=\"267\" class=\"elementor elementor-267\">\n\t\t\t\t\t\t<section class=\"elementor-section elementor-top-section elementor-element elementor-element-66d789f elementor-section-boxed elementor-section-height-default elementor-section-height-default\" data-id=\"66d789f\" data-element_type=\"section\" data-e-type=\"section\">\n\t\t\t\t\t\t<div class=\"elementor-container elementor-column-gap-default\">\n\t\t\t\t\t<div class=\"elementor-column elementor-col-100 elementor-top-column elementor-element elementor-element-1898d30\" data-id=\"1898d30\" data-element_type=\"column\" data-e-type=\"column\">\n\t\t\t<div class=\"elementor-widget-wrap elementor-element-populated\">\n\t\t\t\t\t\t<div class=\"elementor-element elementor-element-cfc9a16 elementor-widget elementor-widget-wp-widget-recent-posts\" data-id=\"cfc9a16\" data-element_type=\"widget\" data-e-type=\"widget\" data-widget_type=\"wp-widget-recent-posts.default\">\n\t\t\t\t<div class=\"elementor-widget-container\">\n\t\t\t\t\t\n\t\t\n\t\t<h5>Derni\u00e8res actualit\u00e9s du Coll\u00e8ge Int\u00e9grateurs<\/h5>\n\t\t<ul>\n\t\t\t\t\t\t\t\t\t\t\t<li>\n\t\t\t\t\t<a href=\"http:\/\/www.knx.fr\/College_Integrateurs\/2020\/09\/09\/bonjour-tout-le-monde\/\">Le Coll\u00e8ge Int\u00e9grateurs KNX France accueille son 30\u00e8me membre<\/a>\n\t\t\t\t\t\t\t\t\t<\/li>\n\t\t\t\t\t<\/ul>\n\n\t\t\t\t\t\t<\/div>\n\t\t\t\t<\/div>\n\t\t\t\t\t<\/div>\n\t\t<\/div>\n\t\t\t\t\t<\/div>\n\t\t<\/section>\n\t\t\t\t<\/div>\n\t\t","protected":false},"excerpt":{"rendered":"","protected":false},"author":1,"featured_media":0,"parent":0,"menu_order":0,"comment_status":"closed","ping_status":"closed","template":"","meta":{"footnotes":""},"class_list":["post-267","page","type-page","status-publish","hentry"],"_links":{"self":[{"href":"http:\/\/www.knx.fr\/College_Integrateurs\/wp-json\/wp\/v2\/pages\/267","targetHints":{"allow":["GET"]}}],"collection":[{"href":"http:\/\/www.knx.fr\/College_Integrateurs\/wp-json\/wp\/v2\/pages"}],"about":[{"href":"http:\/\/www.knx.fr\/College_Integrateurs\/wp-json\/wp\/v2\/types\/page"}],"author":[{"embeddable":true,"href":"http:\/\/www.knx.fr\/College_Integrateurs\/wp-json\/wp\/v2\/users\/1"}],"replies":[{"embeddable":true,"href":"http:\/\/www.knx.fr\/College_Integrateurs\/wp-json\/wp\/v2\/comments?post=267"}],"version-history":[{"count":3,"href":"http:\/\/www.knx.fr\/College_Integrateurs\/wp-json\/wp\/v2\/pages\/267\/revisions"}],"predecessor-version":[{"id":402,"href":"http:\/\/www.knx.fr\/College_Integrateurs\/wp-json\/wp\/v2\/pages\/267\/revisions\/402"}],"wp:attachment":[{"href":"http:\/\/www.knx.fr\/College_Integrateurs\/wp-json\/wp\/v2\/media?parent=267"}],"curies":[{"name":"wp","href":"https:\/\/api.w.org\/{rel}","templated":true}]}}