{"id":39,"date":"2020-09-11T11:06:11","date_gmt":"2020-09-11T09:06:11","guid":{"rendered":"http:\/\/knx.fr\/College_Integrateurs\/?page_id=39"},"modified":"2026-02-03T15:01:56","modified_gmt":"2026-02-03T14:01:56","slug":"adherer","status":"publish","type":"page","link":"http:\/\/www.knx.fr\/College_Integrateurs\/adherer\/","title":{"rendered":"Adh\u00e9rer"},"content":{"rendered":"\t\t<div data-elementor-type=\"wp-page\" data-elementor-id=\"39\" class=\"elementor elementor-39\">\n\t\t\t\t\t\t<section class=\"elementor-section elementor-top-section elementor-element elementor-element-1faf8ac elementor-section-boxed elementor-section-height-default elementor-section-height-default\" data-id=\"1faf8ac\" data-element_type=\"section\" data-e-type=\"section\">\n\t\t\t\t\t\t<div class=\"elementor-container elementor-column-gap-default\">\n\t\t\t\t\t<div class=\"elementor-column elementor-col-100 elementor-top-column elementor-element elementor-element-a418952\" data-id=\"a418952\" data-element_type=\"column\" data-e-type=\"column\">\n\t\t\t<div class=\"elementor-widget-wrap elementor-element-populated\">\n\t\t\t\t\t\t<div class=\"elementor-element elementor-element-eb11f69 elementor-widget elementor-widget-heading\" data-id=\"eb11f69\" data-element_type=\"widget\" data-e-type=\"widget\" data-settings=\"{&quot;_animation&quot;:&quot;none&quot;}\" data-widget_type=\"heading.default\">\n\t\t\t\t<div class=\"elementor-widget-container\">\n\t\t\t\t\t<h2 class=\"elementor-heading-title elementor-size-default\">Comment adh\u00e9rer au Coll\u00e8ge Int\u00e9grateurs ?<\/h2>\t\t\t\t<\/div>\n\t\t\t\t<\/div>\n\t\t\t\t<div class=\"elementor-element elementor-element-560bc51 elementor-widget elementor-widget-text-editor\" data-id=\"560bc51\" data-element_type=\"widget\" data-e-type=\"widget\" data-widget_type=\"text-editor.default\">\n\t\t\t\t<div class=\"elementor-widget-container\">\n\t\t\t\t\t\t\t\t\t<p>Pour adh\u00e9rer au Coll\u00e8ge Int\u00e9grateurs KNX France, il faut \u00eatre professionnel et avoir pass\u00e9 la certification KNX Advanced (num\u00e9ro de certification requis). Ensuite, il suffit de remplir\u00a0<a title=\"T\u00e9l\u00e9charger le bulletin\" href=\"http:\/\/www.knx.fr\/College_Integrateurs\/wp-content\/uploads\/2020\/10\/Bulletin_adhesion_college_KNX_integrateurs_2026.pdf\" target=\"_blank\" rel=\"noopener\">ce bulletin d&rsquo;adh\u00e9sion<\/a> et de le renvoyer par email, <span style=\"text-decoration: underline;\">accompagn\u00e9 du certificat KNX Advanced<\/span>, \u00e0 l&rsquo;adresse <a href=\"mailto:contact@knx.fr\">contact@knx.fr<\/a>\u00a0et <a href=\"mailto:college-integrateurs@knx.fr\">college-integrateurs@knx.fr.<\/a><\/p><p><strong>L&rsquo;adh\u00e9sion\u00a0d&rsquo;un nouveau membre est\u00a0<span style=\"font-family: Roboto, sans-serif; font-size: 16px; font-style: normal; color: var( --e-global-color-text );\">soumise \u00e0 l\u2019approbation du Coll\u00e8ge Int\u00e9grateurs KNX France et\u00a0<br \/><\/span><\/strong><strong style=\"font-size: 16px; color: var( --e-global-color-text );\"><span style=\"font-family: Roboto, sans-serif; font-size: 16px; font-style: normal; color: var( --e-global-color-text );\">effective qu&rsquo;apr\u00e8s r\u00e8glement de la cotisation.<\/span><\/strong><\/p><p><strong style=\"font-size: 16px; color: var( --e-global-color-text );\"><span style=\"font-family: Roboto, sans-serif; font-size: 16px; font-style: normal; color: var( --e-global-color-text );\">La p\u00e9riode d&rsquo;adh\u00e9sion est de janvier \u00e0 f\u00e9vrier.<\/span><\/strong><\/p>\t\t\t\t\t\t\t\t<\/div>\n\t\t\t\t<\/div>\n\t\t\t\t<div class=\"elementor-element elementor-element-50b4304 elementor-widget elementor-widget-heading\" data-id=\"50b4304\" data-element_type=\"widget\" data-e-type=\"widget\" data-widget_type=\"heading.default\">\n\t\t\t\t<div class=\"elementor-widget-container\">\n\t\t\t\t\t<h2 class=\"elementor-heading-title elementor-size-default\">Tarifs<\/h2>\t\t\t\t<\/div>\n\t\t\t\t<\/div>\n\t\t\t\t<div class=\"elementor-element elementor-element-91ff31b elementor-widget elementor-widget-text-editor\" data-id=\"91ff31b\" data-element_type=\"widget\" data-e-type=\"widget\" data-widget_type=\"text-editor.default\">\n\t\t\t\t<div class=\"elementor-widget-container\">\n\t\t\t\t\t\t\t\t\t<p>La cotisation au&nbsp;<span style=\"font-family: Roboto, sans-serif; font-size: 16px; font-style: normal; font-weight: 400; color: var( --e-global-color-text );\">Coll\u00e8ge Int\u00e9grateurs KNX France&nbsp;<\/span><span style=\"font-size: 16px; color: var( --e-global-color-text );\">est de&nbsp;<\/span><strong style=\"font-size: 16px; color: var( --e-global-color-text );\">188,00 \u20ac HT, soit 225,60 \u20ac TTC<\/strong><span style=\"font-size: 16px; color: var( --e-global-color-text );\">&nbsp;par an.<\/span><\/p>\t\t\t\t\t\t\t\t<\/div>\n\t\t\t\t<\/div>\n\t\t\t\t<div class=\"elementor-element elementor-element-da8130e elementor-widget elementor-widget-heading\" data-id=\"da8130e\" data-element_type=\"widget\" data-e-type=\"widget\" data-widget_type=\"heading.default\">\n\t\t\t\t<div class=\"elementor-widget-container\">\n\t\t\t\t\t<h2 class=\"elementor-heading-title elementor-size-default\">Droits des membres du Coll\u00e8ge Int\u00e9grateurs KNX France<\/h2>\t\t\t\t<\/div>\n\t\t\t\t<\/div>\n\t\t\t\t<div class=\"elementor-element elementor-element-6981391 elementor-widget elementor-widget-text-editor\" data-id=\"6981391\" data-element_type=\"widget\" data-e-type=\"widget\" data-widget_type=\"text-editor.default\">\n\t\t\t\t<div class=\"elementor-widget-container\">\n\t\t\t\t\t\t\t\t\t<ul class=\"liste\"><li>Assister aux Assembl\u00e9es G\u00e9n\u00e9rales KNX France (1 si\u00e8ge pour 50 membres du Coll\u00e8ge Int\u00e9grateurs KNX France)<\/li><li>Participer aux groupes de travail et commissions de KNX France et de ses partenaires<\/li><li>Cr\u00e9er, organiser et\/ou participer \u00e0 des \u00e9v\u00e9nements, des projets, des forums de r\u00e9flexions publics ou d\u2019utilit\u00e9 publique au sein du Coll\u00e8ge Int\u00e9grateurs KNX France (apr\u00e8s accord de KNX France)<\/li><li>Utiliser le logo Coll\u00e8ge Int\u00e9grateurs KNX France sur ses documentations<\/li><li>\u00catre r\u00e9f\u00e9renc\u00e9 sur le site www.knx.fr dans l\u2019espace d\u00e9di\u00e9 au Coll\u00e8ge Int\u00e9grateurs KNX France avec Nom, logo et coordonn\u00e9es de chaque membre<\/li><li>B\u00e9n\u00e9ficier de supports de communication<\/li><li>Avoir acc\u00e8s et \u00eatre actif sur le groupe LinkedIn KNX Userclub France<\/li><li>Participer aux \u00e9v\u00e9nements KNX France (salons et \u00e9v\u00e9nements priv\u00e9s)<\/li><\/ul>\t\t\t\t\t\t\t\t<\/div>\n\t\t\t\t<\/div>\n\t\t\t\t<div class=\"elementor-element elementor-element-113277a elementor-widget elementor-widget-heading\" data-id=\"113277a\" data-element_type=\"widget\" data-e-type=\"widget\" data-widget_type=\"heading.default\">\n\t\t\t\t<div class=\"elementor-widget-container\">\n\t\t\t\t\t<h2 class=\"elementor-heading-title elementor-size-default\">Devoirs des membres du Coll\u00e8ge Int\u00e9grateurs KNX France<\/h2>\t\t\t\t<\/div>\n\t\t\t\t<\/div>\n\t\t\t\t<div class=\"elementor-element elementor-element-e3cb026 elementor-widget elementor-widget-text-editor\" data-id=\"e3cb026\" data-element_type=\"widget\" data-e-type=\"widget\" data-widget_type=\"text-editor.default\">\n\t\t\t\t<div class=\"elementor-widget-container\">\n\t\t\t\t\t\t\t\t\t<ul class=\"liste\"><li>Se conformer aux\u00a0<a href=\"http:\/\/www.knx.fr\/College_Integrateurs\/wp-content\/uploads\/2020\/10\/Statuts_KNX_France.pdf\" target=\"_blank\" rel=\"noopener\">statuts<\/a>, au\u00a0<a href=\"http:\/\/www.knx.fr\/College_Integrateurs\/wp-content\/uploads\/2020\/10\/Reglement_Interieur_KNX_France.pdf\" target=\"_blank\" rel=\"noopener\">r\u00e8glement int\u00e9rieur<\/a>\u00a0et au <a href=\"http:\/\/www.knx.fr\/College_Integrateurs\/wp-content\/uploads\/2020\/10\/Document_Specifique_College_Integrateurs_KNX_France.pdf\" target=\"_blank\" rel=\"noopener\">document de compliance<\/a> comme tout autre membre de l\u2019association<\/li><li>Payer l&rsquo;enti\u00e8ret\u00e9 de la cotisation avant toute adh\u00e9sion au Coll\u00e8ge Int\u00e9grateurs KNX France<\/li><\/ul>\t\t\t\t\t\t\t\t<\/div>\n\t\t\t\t<\/div>\n\t\t\t\t\t<\/div>\n\t\t<\/div>\n\t\t\t\t\t<\/div>\n\t\t<\/section>\n\t\t\t\t<\/div>\n\t\t","protected":false},"excerpt":{"rendered":"<p>Comment adh\u00e9rer au Coll\u00e8ge Int\u00e9grateurs ? Pour adh\u00e9rer au Coll\u00e8ge Int\u00e9grateurs KNX France, il faut \u00eatre professionnel et avoir pass\u00e9 la certification KNX Advanced (num\u00e9ro de certification requis). Ensuite, il suffit de remplir\u00a0ce bulletin d&rsquo;adh\u00e9sion et de le renvoyer par email, accompagn\u00e9 du certificat KNX Advanced, \u00e0 l&rsquo;adresse contact@knx.fr\u00a0et college-integrateurs@knx.fr. L&rsquo;adh\u00e9sion\u00a0d&rsquo;un nouveau membre est\u00a0soumise \u00e0 <a class=\"more-link\" href=\"http:\/\/www.knx.fr\/College_Integrateurs\/adherer\/\">Lire plus &#8230;<\/a><\/p>\n","protected":false},"author":1,"featured_media":0,"parent":0,"menu_order":0,"comment_status":"closed","ping_status":"closed","template":"","meta":{"footnotes":""},"class_list":["post-39","page","type-page","status-publish","hentry"],"_links":{"self":[{"href":"http:\/\/www.knx.fr\/College_Integrateurs\/wp-json\/wp\/v2\/pages\/39","targetHints":{"allow":["GET"]}}],"collection":[{"href":"http:\/\/www.knx.fr\/College_Integrateurs\/wp-json\/wp\/v2\/pages"}],"about":[{"href":"http:\/\/www.knx.fr\/College_Integrateurs\/wp-json\/wp\/v2\/types\/page"}],"author":[{"embeddable":true,"href":"http:\/\/www.knx.fr\/College_Integrateurs\/wp-json\/wp\/v2\/users\/1"}],"replies":[{"embeddable":true,"href":"http:\/\/www.knx.fr\/College_Integrateurs\/wp-json\/wp\/v2\/comments?post=39"}],"version-history":[{"count":69,"href":"http:\/\/www.knx.fr\/College_Integrateurs\/wp-json\/wp\/v2\/pages\/39\/revisions"}],"predecessor-version":[{"id":748,"href":"http:\/\/www.knx.fr\/College_Integrateurs\/wp-json\/wp\/v2\/pages\/39\/revisions\/748"}],"wp:attachment":[{"href":"http:\/\/www.knx.fr\/College_Integrateurs\/wp-json\/wp\/v2\/media?parent=39"}],"curies":[{"name":"wp","href":"https:\/\/api.w.org\/{rel}","templated":true}]}}